6?
-5
0 (base 7) to base 4
0
What is -62 (base 13) in base 4?
-1100
Convert 11 (base 7) to base 2.
1000
What is 2 (base 13) in base 14?
2
-37 (base 11) to base 8
-50
Convert 27 (base 15) to base 14.
29
-35 (base 8) to base 11
-27
Convert -8 (base 15) to base 7.
-11
What is 8e (base 16) in base 4?
2032
-1 (base 14) to base 6
-1
What is -11 (base 2) in base 9?
-3
Convert -1 (base 6) to base 10.
-1
What is -39 (base 14) in base 6?
-123
What is 30 (base 15) in base 10?
45
What is -4 (base 8) in base 7?
-4
What is -3 (base 10) in base 5?
-3
303 (base 6) to base 13
87
Convert -1d (base 16) to base 5.
-104
-3 (base 14) to base 2
-11
What is 14 (base 12) in base 13?
13
What is 0 (base 12) in base 7?
0
Convert -4 (base 8) to base 16.
-4
Convert -2031 (base 4) to base 10.
-141
-41 (base 12) to base 15
-34
What is -8 (base 11) in base 15?
-8
2 (base 11) to base 3
2
Convert 4 (base 11) to base 9.
4
Convert -10 (base 14) to base 13.
-11
Convert 10 (base 4) to base 14.
4
What is -3 (base 14) in base 2?
-11
-24 (base 12) to base 3
-1001
-113 (base 6) to base 9
-50
What is 0 (base 7) in base 8?
0
What is -1 (base 4) in base 2?
-1
-2013 (base 4) to base 15
-90
What is 333 (base 6) in base 2?
10000001
What is -224 (base 8) in base 2?
-10010100
Convert 1 (base 11) to base 4.
1
What is 2 (base 3) in base 11?
2
What is -3 (base 14) in base 8?
-3
Convert -12 (base 9) to base 14.
-b
Convert -3 (base 8) to base 15.
-3
Convert 30 (base 7) to base 10.
21
Convert -13 (base 5) to base 8.
-10
0 (base 3) to base 2
0
What is -23 (base 9) in base 5?
-41
Convert -2 (base 13) to base 15.
-2
Convert -18 (base 9) to base 6.
-25
Convert -28 (base 12) to base 4.
-200
What is -21102 (base 3) in base 15?
-d5
167 (base 9) to base 13
ac
17 (base 8) to base 15
10
Convert 13c (base 13) to base 2.
11011100
-1 (base 4) to base 16
-1
What is 4 (base 11) in base 9?
4
2 (base 11) to base 10
2
Convert -1111100 (base 2) to base 9.
-147
Convert -101011 (base 2) to base 8.
-53
What is 100 (base 2) in base 15?
4
What is -25 (base 13) in base 15?
-21
What is 12113 (base 4) in base 3?
120002
What is 11110 (base 2) in base 4?
132
105 (base 6) to base 2
101001
2202 (base 3) to base 8
112
72 (base 12) to base 7
152
7 (base 15) to base 11
7
Convert 2 (base 5) to base 15.
2
Convert 1120 (base 3) to base 10.
42
10 (base 3) to base 5
3
Convert 41 (base 8) to base 12.
29
What is 4 (base 6) in base 9?
4
Convert -3 (base 6) to base 14.
-3
Convert 116 (base 12) to base 10.
162
Convert 6 (base 16) to base 11.
6
What is -2 (base 7) in base 6?
-2
What is 12 (base 14) in base 16?
10
What is 9 (base 10) in base 13?
9
What is 124 (base 7) in base 5?
232
Convert 30 (base 6) to base 13.
15
Convert 10110 (base 2) to base 5.
42
Convert -102 (base 10) to base 5.
-402
Convert 23 (base 9) to base 5.
41
What is 23 (base 4) in base 3?
102
Convert 8 (base 14) to base 5.
13
What is -41 (base 5) in base 9?
-23
10 (base 10) to base 9
11
-200 (base 4) to base 13
-26
What is 3 (base 11) in base 9?
3
What is -12 (base 7) in base 14?
-9
What is 23 (base 14) in base 9?
34
What is -4 (base 10) in base 16?
-4
-1 (base 16) to base 15
-1
-41 (base 5) to base 14
-17
91 (base 14) to base 6
331
-104 (base 5) to base 16
-1d
What is -4 (base 6) in base 11?
-4
Convert 45 (base 16) to base 8.
105
27b (base 12) to base 10
383
-2f (base 16) to base 5
-142
What is -5 (base 12) in base 15?
-5
52 (base 12) to base 8
76
What is 84 (base 9) in base 6?
204
Convert 10 (base 2) to base 6.
2
Convert -a (base 15) to base 11.
-a
Convert 132 (base 9) to base 6.
302
344 (base 5) to base 8
143
What is 10 (base 6) in base 11?
6
-4 (base 10) to base 9
-4
Convert -1100 (base 2) to base 5.
-22
0 (base 10) to base 13
0
What is 13 (base 7) in base 4?
22
Convert 63 (base 8) to base 10.
51
Convert 1 (base 14) to base 10.
1
What is 10 (base 7) in base 6?
11
What is -40 (base 15) in base 3?
-2020
What is 5 (base 7) in base 9?
5
What is -163 (base 10) in base 9?
-201
What is 66 (base 11) in base 12?
60
What is -2 (base 8) in base 2?
-10
Convert -1 (base 8) to base 6.
-1
What is 42 (base 8) in base 14?
26
What is -3d (base 14) in base 5?
-210
Convert -11 (base 2) to base 12.
-3
-31 (base 8) to base 5
-100
What is -1 (base 16) in base 13?
-1
What is -32 (base 11) in base 6?
-55
-22 (base 12) to base 2
-11010
-4 (base 14) to base 8
-4
What is -1 (base 15) in base 9?
-1
8 (base 16) to base 15
8
What is -5 (base 7) in base 6?
-5
Convert 1d (base 16) to base 10.
29
What is 13 (base 4) in base 5?
12
Convert a (base 11) to base 5.
20
-121 (base 3) to base 14
-12
Convert -2 (base 13) to base 2.
-10
Convert -3 (base 15) to base 16.
-3
-6 (base 7) to base 14
-6
Convert 2 (base 5) to base 2.
10
What is -b (base 13) in base 11?
-10
Convert 13 (base 8) to base 15.
b
Convert 1100 (base 2) to base 11.
11
Convert 1000110 (base 2) to base 3.
2121
What is 5c (base 15) in base 10?
87
Convert 0 (base 14) to base 4.
0
What is 14 (base 10) in base 13?
11
Convert -3 (base 14) to base 4.
-3
-220 (base 3) to base 15
-19
0 (base 5) to base 6
0
1111 (base 3) to base 16
28
What is 1 (base 12) in base 3?
1
Convert 28 (base 9) to base 11.
24
Convert -131 (base 4) to base 11.
-27
322 (base 5) to base 4
1113
Convert -3 (base 7) to base 14.
-3
What is 1010 (base 2) in base 10?
10
What is -11 (base 13) in base 14?
-10
What is -26 (base 11) in base 13?
-22
Convert 0 (base 16) to base 11.
0
What is 137 (base 15) in base 12?
1b1
What is 14 (base 6) in base 5?
20
Convert 3 (base 12) to base 8.
3
Convert 0 (base 10) to base 9.
0
What is 11 (base 2) in base 9?
3
9 (base 11) to base 8
11
1010000 (base 2) to base 8
120
2 (base 13) to base 7
2
What is 1 (base 11) in base 2?
1
46 (base 14) to base 9
68
-3 (base 16) to base 11
-3
What is 3 (base 6) in base 2?
11
18 (base 14) to base 4
112
Convert 13 (base 9) to base 11.
11
What is 0 (base 2) in base 12?
0
What is 22 (base 3) in base 11?
8
-440 (base 5) to base 11
-aa
Convert 0 (base 11) to base 16.
0
-42 (base 7) to base 2
-11110
11 (base 4) to base 14
5
What is 0 (base 8) in base 2?
0
Convert -71 (base 12) to base 6.
-221
-10111 (base 2) to base 9
-25
Convert 2 (base 5) to base 16.
2
-1 (base 3) to base 11
-1
Convert 41 (base 5) to base 9.
23
90 (base 14) to base 9
150
-110 (base 2) to base 11
-6
Convert 1a (base 11) to base 10.
21
What is -1 (base 4) in base 16?
-1
What is 2 (base 4) in base 9?
2
Convert -13 (base 11) to base 7.
-20
Convert 1 (base 12) to base 2.
1
What is 111011 (base 2) in base 7?
113
24 (base 5) to base 8
16
Convert 1 (base 7) to base 14.
1
What is 12 (base 10) in base 14?
c
Convert 22 (base 6) to base 9.
15
Convert -14 (base 9) to base 11.
-12
Convert -132 (base 4) to base 16.
-1e
-7 (base 14) to base 16
-7
Convert 1d (base 15) to base 4.
130
What is 25 (base 12) in base 13?
23
Convert 100 (base 2) to base 7.
4
1001 (base 2) to base 7
12
8 (base 16) to base 14
8
-127 (base 9) to base 4
-1222
What is -4 (base 13) in base 12?
-4
What is -2101 (base 3) in base 9?
-71
-3 (base 5) to base 13
-3
Convert 12 (base 4) to base 13.
6
0 (base 7) to base 14
0
0 (base 12) to base 14
0
What is -3 (base 11) in base 9?
-3
-2 (base 14) to base 15
-2
What is -230 (base 5) in base 2?
-1000001
3 (base 13) to base 11
3
What is 11 (base 3) in base 6?
4
Convert -3 (base 10) to base 3.
-10
2 (base 12) to base 5
2
Convert 26 (base 9) to base 3.
220
Convert 1 (base 13) to base 15.
1
40 (base 5) to base 14
16
What is -4 (base 5) in base 15?
-4
What is -1122 (base 4) in base 14?
-66
Convert -6 (base 7) to base 8.
-6
-2 (base 14) to base 13
-2
What is 43 (base 9) in base 5?
124
Convert -111 (base 2) to base 4.
-13
Convert -9f (base 16) to base 6.
-423
-11 (base 8) to base 16
-9
What is 14 (base 15) in base 4?
103
Convert 3 (base 10) to base 15.
3
Convert -18 (base 13) to base 7.
-30
0 (base 5) to base 3
0
What is 1 (base 15) in base 14?
1
Convert 1d (base 16) to base 10.
29
9 (base 14) to base 6
13
What is -7 (base 16) in base 3?
-21
What is -5 (base 10) in base 14?
-5
What is 12 (base 8) in base 4?
22
5 (base 8) to base 13
5
Convert 9 (base 15) to base 12.
9
Convert -222 (base 3) to base 2.
-11010
What is -1c (base 16) in base 3?
-1001
Convert 26 (base 7) to base 13.
17
What is 2 (base 11) in base 3?
2
What is -3 (base 7) in base 3?
-10
Convert 9 (base 13) to base 7